- (-1 - -1)) + -2 - -2.
0
Evaluate (15 - (1 + 0)) + -9.
5
What is the value of 6 - 14 - 0 - -8?
0
Evaluate -2 - (4 - (-1 - (-8 + 2))).
-1
What is the value of (-1 - 4) + (0 - 1) - -4?
-2
What is the value of -10 - (6 + -9 + -3 + 6)?
-10
What is 1 - (2 + (5 - 7))?
1
What is the value of -3 + (4 - (2 + 3 + -7))?
3
Calculate -3 + (3 - -2) + (-2 - -2).
2
(0 - (4 + 3)) + 3 + 8
4
What is the value of 3 + -5 + 4 + 21 + -15?
8
-2 - 2 - (24 - 26)
-2
What is -1 + 3 + 10 + -5 + 0?
7
What is the value of -5 - 0 - -2 - -2?
-1
-1 - (2 - (1 + -2)) - 0
-4
What is 8 + (-1 - 4) - 2 - -3?
4
What is (-1 - (-9 - (-4 + 2))) + -7?
-1
Calculate 1 + -1 + (4 - 5) + 5.
4
Evaluate 8 - (8 - (0 - 2)).
-2
-2 + 4 + (3 - (2 - -3))
0
Calculate -5 - -1 - (11 - 18) - 2.
1
What is 2 + -9 + -6 + 12?
-1
Evaluate (-8 - -4) + 4 - -4.
4
Evaluate (12 - (-6 + 10)) + -4.
4
Evaluate (-7 - (4 + -2)) + (10 - 3).
-2
What is the value of 3 - (-3 - (-7 + -7 + 8))?
0
Calculate (-1 - 6) + 7 + 0 + -1.
-1
What is the value of -4 - (-2 - 2 - (-4 - -3))?
-1
(8 - (-4 + 2)) + -5
5
Evaluate (-13 - -4) + 0 - (4 - 7).
-6
What is (-1 - 2) + (-5 - -8) - 5?
-5
What is (-17 - -25 - (5 - -1)) + 4?
6
What is -1 - (8 + -5) - (-6 + 0)?
2
3 + (-3 + 1 - (1 + -1))
1
What is the value of -15 - -8 - (0 - 12)?
5
Evaluate (-1 - 1 - 1) + (0 - -3).
0
-4 + 12 + (0 - 3)
5
(2 - (5 + -2) - -1) + 1
1
Evaluate -3 - (6 + -11) - (-3 - -2).
3
Calculate (-1 - -7) + -4 + 6 + -14.
-6
0 - (6 - 2 - 2)
-2
What is the value of (4 + -1 - (-9 - -16)) + 1?
-3
What is the value of (1 - 1 - 2) + -3 - -4?
-1
Calculate -2 + (0 + 3 - -2).
3
Calculate 0 - -1 - (-18 + 21).
-2
Calculate 7 + -2 + (-33 - -30).
2
Calculate 2 + -1 - (-2 + 1 - 1).
3
Evaluate -1 + -5 + 0 + 2 + 2.
-2
-2 - 7 - (2 + -8)
-3
Evaluate 5 + -1 + -8 + (1 - 1).
-4
-5 - -5 - (1 + -4 - -4)
-1
What is (-4 - -1) + -254 + 265?
8
What is 8 + (-13 - (3 - 8))?
0
(-9 + 5 - 1) + (-1 - -4)
-2
Calculate -8 - (-19 + 14 - (-1 + 0)).
-4
What is -5 - (-8 - -12 - (9 - -1))?
1
Evaluate -2 + (3 + -3 - -4) - 5.
-3
What is (-10 + 23 - 8) + 4?
9
What is the value of 1 - (1 + -9) - 4?
5
4 - (5 + -8 + 2)
5
What is the value of -12 - ((-9 - -14) + -10)?
-7
-6 - (3 + (2 - 2 - 3))
-6
-7 + 4 - 7 - -16
6
Calculate (9 - 17) + 5 - -3.
0
-7 + 0 + 0 - (56 + -62)
-1
Evaluate -9 - (3 + (-2 - (5 - 0))).
-5
0 + (9 - (0 - -5))
4
Evaluate (-1 + 4 - 5) + (-4 - -1).
-5
Calculate (15 - (-7 + 36)) + 13.
-1
Evaluate (-100 - -97) + 4 + 1 + 1.
3
-2 + -4 + -1 + 12
5
What is 5 + (2 + -12 - 1)?
-6
What is the value of -9 - (10 + -9 - 14)?
4
Calculate -3 - 1 - (-7 + 18 + -16).
1
What is the value of 2 - (3 + (4 - 3))?
-2
0 + 8 + (6 - 10) + -6
-2
Calculate 3 + -8 + 10 - 14 - -4.
-5
Evaluate -3 + (2 + 1 - 3) + 0.
-3
-2 - (9 - (1 + 4)) - -8
2
Calculate (0 - 0) + 13 + -9.
4
Evaluate 2 + -2 - ((1 - 3) + 7).
-5
What is the value of 3 - (2 - 2) - 2?
1
Calculate -2 - (-7 + -2 + 5).
2
Calculate (-88 - -82) + (-1 - (-2 - 11)).
6
-20 + 16 + (-3 - 0)
-7
What is (0 - 1) + 7 + 6 + -8?
4
What is the value of -2 + -11 + 14 + -4?
-3
Evaluate 2 + 2 + -7 + -1 + 4.
0
What is (2 + 5 - (1 + 2)) + -5?
-1
What is the value of 0 - (1 + -3 + (3 - -1))?
-2
What is (3 - -3) + (-6 - -1)?
1
What is -3 + -9 + 4 - -3?
-5
7 + 0 - (-9 - (2 + -13))
5
What is the value of (4 - (0 + 1)) + -6?
-3
Calculate (0 - 0) + -6 - (115 + -121).
0
Evaluate (12 - 18) + (7 - 4).
-3
-3 - ((-6 - 0) + -3)
6
What is the value of -7 + 5 + -1 + 5 - -3?
5
Calculate 8 + 0 - (-21 + 24).
5
Calculate -1 - 1 - (13 + -7 + -1).
-7
What is the value of -3 + (-4 - (1 - 9))?
1
Evaluate -3 - (6 - (12 - 8)).
-5
What is 10 + -11 - (-3 - 1)?
3
What is (3 - 3) + -5 + 1?
-4
What is the value of 2 + 4 + (0 - 1)?
5
-3 + -6 + -2 - -18
7
What is the value of -6 - (-4 - (-3 - 3)) - -14?
6
What is 1 + -2 + (-6 - (1 + -6))?
-2
-5 + (8 - -2) + -2 + -4
-1
Calculate 13 - 15 - (1 - 0 - 1).
-2
Calculate -3 + 2 + 1 - (3 + -3).
0
What is the value of (-3 - -2) + -1 - 1 - 2?
-5
What is -21 - -7 - -12 - 0?
-2
Calculate -11 - (1 - (5 - -6)).
-1
What is the value of (12 - 12) + 16 - (5 - 0)?
11
What is the value of (-1 + (1 - -3) - 6) + 6?
3
What is 3 + (-9 - -6) + 7?
7
Evaluate 3 - (7 - (1 + 0)).
-3
Calculate -10 - (0 - (2 - -1)) - -3.
-4
What is the value of -2 + -5 + (11 - 2)?
2
Evaluate (0 - 1) + (3 + -1 - -2).
3
Calculate 2 - (-2 - -9 - 5).
0
What is 1 - 9 - ((-31 - -13) + 2)?
8
What is (-2 - (4 + -9 + -1)) + 0?
4
What is 23 + -17 + -11 + 1?
-4
What is 5 - ((-2 - 1) + 3 - -3)?
2
Evaluate -33 - -39 - (-2 - (-2 + 1)).
7
What is the value of (1 - (5 + 2 + -4)) + -2?
-4
Evaluate 15 + (-10 - -4) + -13.
-4
What is the value of 3 + 0 + -2 + (-5 - -4)?
0
What is the value of (4 - 1) + (-6 - -4) + -1?
0
Calculate 7 + -2 + -6 - (1 + -6).
4
Evaluate -5 + 2 + 1 + 3.
1
3 + -1 - -2 - 7 - -7
4
Evaluate (0 - 0) + -5 + 7 + -3.
-1
What is -1 + -16 + 21 + 0 + -7?
-3
Evaluate (-5 - (-8 + -1 - -8)) + 10.
6
Calculate (5 - 9 - -10) + -5.
1
What is the value of 3 - (3 - (1 + 3))?
4
Evaluate 5 + -1 - -1 - (193 - 192).
4
What is the value of 3 + -1 - (-14 + 21)?
-5
Evaluate (1 + -1 - -1) + (-3 - 3).
-5
What is 3 + -2 - 5 - (0 - 0)?
-4
Evaluate 2 + -2 + 3 + (-2 - 1).
0
(13 - 8) + (-6 - -1)
0
What is the value of (9 - -1) + (-8 - 1)?
1
What is 5 - (1 - (1 + -8))?
-3
Calculate 6 + (-2 - (0 - (3 - 4))).
3
Evaluate (1 - 0) + -8 + -2 + 5.
-4
What is (-4 - -5) + (3 - (-2 + 4))?
2
What is 2 + (-9 - 0) - (-1 + -2)?
-4
Evaluate 32 + -34 + (1 - 0).
-1
What is 1 - 2 - -3 - (-61 - -67)?
-4
Calculate (-10 - -5) + -2 - -5.
-2
What is -2 - ((1 - 6) + 9)?
-6
(0 - -5) + (20 - 18 - 1)
6
What is 1 - ((-2 - -3) + (5 - 5))?
0
Evaluate -4 - (6 - 12 - (-6 - -2)).
-2
Evaluate 7 + (-4 - 1 - -1).
3
-9 - (0 - (9 - 3))
-3
Evaluate -6 + (4 - (3 + -1 + -4)).
0
What is the value of -1 + (0 - (3 - 5)) - 0?
1
Evaluate 9 + 1 - (11 - 6).
5
What is the value of 1 - (-7 + 4 + -1 + 4)?
1
What is 9 + -13 - -7 - 5?
-2
Calculate (45 - 32) + -9 + 2.
6
What is the value of 23 + -24 + (4 - -1)?
4
What is the value of (-2 - 2) + (-9 - -3) + 3?
-7
Calculate 4 - (1 + 3 + -3).
3
Evaluate -2 + (4 - (-2 - -5)).
-1
Evaluate 0 + 1 + -30 + 34.
5
What is the value of -4 + 3 - (-4 - 1)?
4
What is (0 - 6) + -4 + 3 + 3?
-4
What is the value of -1 + (-3 - (0 + -8 + 11))?
-7
What is -3 + (7 - 4 - 3)?
-3
Evaluate 3 + (1 - -2 - (5 - 1)).
2
Calculate -10 - ((0 + -4 - -2) + -3).
-5
What is the value of (6 + -5 - -5) + -7?
-1
What is (-1 - 5) + -2 - (4 - 10)?
-2
What is the value of 1 + (0 - 7) - -5?
-1
Evaluate -3 + 2 - (-6 + 2).
3
What is the value of 12 + -4 - 11 - 4?
-7
Evaluate 1 - (-4 - (4 - 3 - 6)).
0
Evaluate (1 - (-4 - (-12 - -3))) + 0.
-4
Evaluate 1 - 8 - (4 + -6).
-5
Evaluate (-1 - -5) + (-1 - 0) + -2.
1
What is the value of -1 + -2 - (22 - 24)?
-1
Calculate -6 - (3 + -9 + 1).
-1
What is the value of (8 - 16 - 0) + 8?
0
Evaluate (-1 - 1 - -6) + -2.
2
Calculate 4 + -1 + (3 - 8) - 0.
-2
What is the value of (-8 - -16) + -5 + -9?
-6
Evaluate -10 + -3 + 6 - -2.
-5
2 + -1 - (-3 + (-3 - -4))
3
Evaluate 2 + (-3 - -1) - (3 + -5).
2
What is the value of 7 - (3 + 5 + -2)?
1
What is the value of -8 + -4 + -11 + 13?
-10
What is (-15 - (-9 + -1)) + 3?
-2
What is the value of -1 + -3 - (3 + -11 - -4)?
0
Calculate -4 + 2 + 7 + 0.
5
Evaluate (4 + -6 - 0) + (1 - 2).
-3
6 - 3 - (3 + 0 - 2)
2
Evaluate -3 + (1 - (7 - 0)) + 5.
-4
Calculate -15 + (4 - (-1 + -5)).
-5
What is (-7 - -19) + -10 + 1?
3
Evaluate (-4 - (-4 - -1)) + -4.
-5
8 + -4 + -6 + -5 + 5
-2
What is the value of (0 - -4 - 4) + -3?
-3
-16 - -14 - (-1 - (0 + -4))
-5
What is the value of -3 + (11 - 1) - 2?
5
What is -19 + 12 - (3 + -9)?
-1
Calculate 19 - 5 - (11 + 0).
3
What is the value of -6 + 5 + (-1 - 0) + 3?
1
What is 1 + 0 + -4 + 0 + 5?
2
What is the value of -4 + 3 - 0 - (-15 + 15)?
-1
-3 + 1 - (-3 + -3 + 0)
4
What is the value of -3 - (-2 - 1) - (-7 - -9)?
-2
What is (-6 + -11 - -3 - -7) + 2?
-5
What is the value of 0 + (0 - (0 + 3)) + 2?
-1
What is the value of (15 - 4) + -5 + -3 + 0?
3
What is the value of 2 - ((2 - 3) + -3)?
6
-4 - (-1 + -5) - (0 + 3)
-1
What is the value of -4 + 2 + -1 - (2 + -3)?
-2
Evaluate -5 - ((6 - 3) + (2 - 3)).
-7
Calculate -6 - (-3 - (6 + -6 + -2)).
-5
What is the value of 6 + 0 + -8 - 2?
-4
Evaluate 5 + 5 + -3 + -2.
5
What is the value of 1 - (-2 + -2 + -1 + 3)?
3
What is -8 + 12 - (-1 + 1)?
4
What is the value